 27199431 a multiple of 13?
False
Does 103 divide 769244067?
True
Is 174 a factor of 82338385?
False
Is 32787328 a multiple of 92?
True
Does 51 divide 560424653?
False
Is 1159810915 a multiple of 4973?
False
Does 71 divide 449034956?
True
Is 11713286 a multiple of 51?
False
Is 4427367198 a multiple of 59?
True
Is 119748700 a multiple of 82?
True
Does 91 divide 1053537758?
True
Is 1138471096 a multiple of 392?
True
Is 121 a factor of 5904529?
False
Is 3155 a factor of 29933559?
False
Is 208 a factor of 169541840?
True
Is 3090767 a multiple of 47?
True
Is 3583060655 a multiple of 3042?
False
Is 421985 a multiple of 84?
False
Does 245 divide 1255611310?
False
Is 14037885 a multiple of 9?
True
Is 64321780 a multiple of 10?
True
Is 637913524 a multiple of 207?
False
Does 223 divide 5175799?
False
Does 15 divide 238280760?
True
Is 18327202 a multiple of 631?
False
Does 436 divide 3384628?
False
Does 25 divide 335285475?
True
Does 2858 divide 532173905?
False
Is 16 a factor of 345196288?
True
Is 10 a factor of 661675430?
True
Does 1039 divide 2401931436?
False
Does 2086 divide 6122029535?
False
Is 4999512 a multiple of 7?
True
Is 1011 a factor of 105850040?
False
Is 8 a factor of 329589888?
True
Is 472568550 a multiple of 282?
True
Is 229135112 a multiple of 16?
False
Is 66609620 a multiple of 490?
True
Does 42 divide 1274520282?
True
Is 4034 a factor of 3098692896?
True
Is 14 a factor of 1217169?
False
Is 71862102 a multiple of 22?
False
Is 205270026 a multiple of 82?
True
Is 37509307 a multiple of 119?
False
Is 559 a factor of 70355289?
False
Does 328 divide 78155622?
False
Does 35 divide 37209719?
False
Is 411232032 a multiple of 12?
True
Does 6269 divide 1829478799?
False
Is 4359178713 a multiple of 1046?
False
Does 97 divide 31845986?
False
Is 722269 a multiple of 111?
False
Does 151 divide 331732522?
False
Is 7371618 a multiple of 6?
True
Does 95 divide 31472380?
False
Is 1324 a factor of 524276196?
True
Is 84263748 a multiple of 12?
True
Is 774826210 a multiple of 12?
False
Is 44 a factor of 191528612?
True
Is 11 a factor of 212662?
False
Does 1329 divide 13093608?
False
Is 221669848 a multiple of 1305?
False
Is 5 a factor of 100033655?
True
Is 137824724 a multiple of 409?
False
Is 365258565 a multiple of 189?
True
Is 465981434 a multiple of 49?
False
Is 38914657 a multiple of 229?
True
Does 9 divide 15180984?
True
Is 310203488 a multiple of 928?
True
Does 24 divide 7527240?
True
Does 64 divide 58668608?
True
Is 429494184 a multiple of 63?
True
Does 924 divide 28835201?
False
Is 130301508 a multiple of 35?
False
Is 119 a factor of 307238841?
True
Is 12 a factor of 24043164?
True
Does 77 divide 21924133?
True
Is 222 a factor of 92561996?
False
Is 475 a factor of 45280077?
False
Is 11975215 a multiple of 2135?
True
Is 84 a factor of 1264226124?
True
Does 126 divide 468726741?
False
Is 2689295661 a multiple of 828?
False
Is 10 a factor of 13577755?
False
Does 924 divide 28274052?
False
Is 95 a factor of 8682674?
False
Is 50 a factor of 113592233?
False
Is 14 a factor of 63777284?
False
Is 24377903 a multiple of 191?
True
Does 318 divide 605218189?
False
Is 13830193 a multiple of 17?
False
Does 3 divide 205111407?
True
Does 13 divide 38433528?
False
Is 1194 a factor of 31523988?
True
Does 96 divide 30424704?
True
Does 59 divide 167880665?
True
Is 55618849 a multiple of 1781?
True
Is 128170735 a multiple of 5?
True
Does 31 divide 17644878?
False
Is 22 a factor of 116084100?
True
Is 1110 a factor of 5206787490?
False
Is 1404 a factor of 16584916?
False
Is 26 a factor of 103374200?
False
Is 812411242 a multiple of 344?
False
Is 417 a factor of 861421?
False
Does 175 divide 221056667?
False
Is 169512993 a multiple of 219?
False
Is 50626836 a multiple of 27?
True
Does 460 divide 1148115840?
True
Does 214 divide 384675914?
True
Is 75 a factor of 40757925?
True
Does 107 divide 465444864?
True
Does 618 divide 174787521?
False
Is 253340118 a multiple of 75?
False
Is 18 a factor of 14275460?
False
Is 11063291 a multiple of 71?
True
Is 206474050 a multiple of 33?
False
Does 15 divide 18935039?
False
Is 45 a factor of 1838066663?
False
Is 14609744 a multiple of 941?
False
Does 1487 divide 122000009?
False
Does 8430 divide 1016080376?
False
Does 7 divide 22115954?
True
Is 6775 a factor of 3227904310?
False
Is 8237680 a multiple of 37?
True
Is 159663856 a multiple of 16?
True
Is 15 a factor of 309328341?
False
Is 97432306 a multiple of 11?
False
Is 7 a factor of 45607275?
True
Is 379323024 a multiple of 6?
True
Does 61 divide 208545824?
True
Does 505 divide 84429688?
False
Does 7 divide 941430506?
False
Is 214 a factor of 8312830?
True
Is 11888843 a multiple of 214?
False
Is 224848000 a multiple of 752?
True
Is 794032640 a multiple of 20?
True
Is 86 a factor of 36502958?
True
Is 613731357 a multiple of 2000?
False
Is 29 a factor of 516783900?
False
Does 1285 divide 944169170?
True
Is 20 a factor of 9027520?
True
Is 488 a factor of 972775784?
True
Is 2547749 a multiple of 205?
False
Is 64709176 a multiple of 331?
True
Does 27 divide 366594947?
False
Is 260093249 a multiple of 1749?
False
Does 26 divide 19040216?
True
Is 149 a factor of 661235180?
True
Does 860 divide 574950367?
False
Is 1103065 a multiple of 1831?
False
Does 3 divide 4061203?
False
Does 1048 divide 49600792?
True
Does 312 divide 8351881?
False
Is 89456370 a multiple of 54?
False
Does 32 divide 212418196?
False
Is 17 a factor of 27161531?
False
Is 76 a factor of 2903005?
False
Does 7 divide 3896077?
False
Is 5770133 a multiple of 2410?
False
Is 282550099 a multiple of 8?
False
Is 595621898 a multiple of 576?
False
Is 8327 a factor of 1021693411?
False
Is 86351724 a multiple of 36?
True
Does 53 divide 212919444?
True
Does 75 divide 52569184?
False
Does 8884 divide 2628260328?
True
Is 198 a factor of 167334354?
True
Does 191 divide 1755852784?
False
Is 728 a factor of 96417760?
False
Is 385 a factor of 10214057?
False
Is 5 a factor of 8874220?
True
Does 15 divide 8930280?
True
Does 70 divide 399797230?
True
Does 146 divide 337800902?
False
Is 1026 a factor of 183791484?
True
Is 4 a factor of 41669843?
False
Is 2345 a factor of 962333014?
False
Is 13 a factor of 196588712?
False
Is 37375052 a multiple of 209?
True
Is 3305 a factor of 199899620?
True
Does 524 divide 210993840?
True
Is 12422102 a multiple of 847?
True
Is 36 a factor of 15379488?
True
Is 435 a factor of 53483250?
True
Does 355 divide 1301596102?
False
Is 285047547 a multiple of 14?
False
Is 178 a factor of 946183920?
True
Does 7071 divide 308048115?
True
Does 9 divide 30367944?
True
Is 55642565 a multiple of 55?
True
Does 20 divide 603560?
True
Does 2 divide 7389371?
False
Does 165 divide 18680743?
False
Is 1690 a factor of 17263350?
True
Is 6 a factor of 1495935?
False
Does 10 divide 13809360?
True
Does 13 divide 1029572076?
True
Is 1005460262 a multiple of 3299?
False
Is 26828910 a multiple of 709?
False
Is 237001301 a multiple of 1059?
False
Is 588 a factor of 2763683975?
False
Is 25250904 a multiple of 28?
True
Is 1768700499 a multiple of 40?
False
Is 15007872 a multiple of 51?
True
Is 70 a factor of 657427206?
False
Does 72 divide 188367696?
True
Is 2267 a factor of 832338118?
True
Is 174864772 a multiple of 44?
False
Does 166 divide 160784114?
True
Is 693243633 a multiple of 9?
False
Is 20470144 a multiple of 443?
True
Is 248 a factor of 48662230?
False
Is 821341490 a multiple of 355?
True
Does 50 divide 560260000?
True
Is 300658106 a multiple of 15?
False
Is 18 a factor of 1221210720?
True
Is 4763 a factor of 361452382?
False
Is 212937273 a multiple of 1217?
True
Is 1408356583 a multiple of 3625?
False
Is 85 a factor of 595197?
False
Does 13 divide 54717466?
False
Is 4303767 a multiple of 3?
True
Does 224 divide 15025495?
False
Does 78 divide 1245952500?
True
Is 46867295 even?
False
Is 1366991604 a multiple of 44?
True
Is 102273183 a multiple of 230?
False
Is 3421220708 a multiple of 27?
False
Is 21623868 a multiple of 6?
True
Is 5157582506 a multiple of 94?
True
Is 185 a factor of 63097950?
True
Does 595 divide 1046605?
True
Is 587833282 a multiple of 1961?
True
Does 2495 divide 74637925?
True
Is 11934804 a multiple of 1974?
True
Does 7 divide 245144915?
False
Is 33 a factor of 40468798?
False
Is 3 a factor of 8908074?
Tru